at is the tens digit of (-98*527/(-62))/(2/26)?
2
Suppose 5*z - 2*g = 3989, 0 = -2*z + 4*g + 134 + 1452. Let h = -1023 + 477. Let w = h + z. What is the tens digit of w?
5
Suppose 0 = -145*s - 1117957 + 4298822. What is the ten thousands digit of s?
2
Let b(w) be the first derivative of -w**3/3 + 17*w**2 + 45. What is the units digit of b(16)?
8
What is the tens digit of 2/9*-3 + (257704556/111)/58?
2
Let m(z) = z**2 + 23*z + 47. Let j be m(-21). Let d(g) = 166*g - 96. What is the hundreds digit of d(j)?
7
What is the hundreds digit of (-214)/(-3)*((-8910)/(-25) - (-42)/70)?
4
Let t be -2*(-6)/(-4) - (3 - 13). Let l(b) = b**2 - b - 47. Let g be l(t). Let h(k) = 5*k**2 - 11*k - 10. What is the tens digit of h(g)?
7
Let l(t) = -2*t**3 + 11*t**2 + 22*t - 4. Let w be l(7). Suppose 0 = -w*f + d + 5634 - 766, f - 1621 = 2*d. What is the hundreds digit of f?
6
Let a(g) = 18*g - 106. Let q be a(7). Suppose -q*d = -13949 + 1369. What is the tens digit of d?
2
Suppose 843*l - 176900 = 838*l + 116015. What is the units digit of l?
3
Let o(s) = s**3 + 17*s**2 + 16*s + 25. Let q be o(-16). Suppose q*n = 29*n - 2952. What is the units digit of n?
8
Suppose 0 = 3*s + 3*p + 582, -970 = 22*s - 17*s - 5*p. Let u = s - -473. What is the tens digit of u?
7
Suppose 2*g + 5*u = -0*u + 80, 160 = 4*g - u. Let h be g/16*16/10. Suppose h*n = 917 - 181. What is the tens digit of n?
8
Let d = 28937 + 7269. Suppose 0 = 2*r - 45*r + d. What is the units digit of r?
2
Let a(f) = -f**3 + 2*f**2 + 5*f + 39. Let c(i) = 142*i**2 - 1 + i - 69*i**2 - 72*i**2. Let m(q) = a(q) - 4*c(q). What is the units digit of m(0)?
3
Let o be 1990/15*30/(-20) - 5. Let m(r) = -2*r**2 + 6*r - 1. Let x be m(4). What is the units digit of (-2 - o/x)*-3?
4
Suppose -f = -2*f + 4*d - 482, -4*f - 5*d - 2033 = 0. Let w = f - -621. What is the tens digit of w?
1
Let x(j) = 3 - 1 + 12*j**2 + 3. Let l be x(2). Let d = 223 - l. What is the tens digit of d?
7
Suppose -584368 - 591014 = -78*m. What is the tens digit of m?
6
Let w = -914 + 4977. What is the units digit of w?
3
Let z(v) = -973*v + 16. Let y be z(1). Let k = y - -1760. What is the tens digit of k?
0
Let x be 8/14 - (-3 + 773/(-7)). Let d = -115 + x. What is the units digit of 182 + (-1 - d) + 5 + -3?
4
Let p = -1438 + 2710. Suppose n + 1287 = 6*n + 4*o, o + p = 5*n. What is the tens digit of n?
5
Suppose 0 = -3*l + 8 - 2. Let d be (-3 + 2)/(l/(-46)). Suppose 28 = c - d. What is the tens digit of c?
5
Suppose 4*f + 2*i - 1 = -i, -3*i = 15. Suppose 0 = f*q + r - 5257, 3*q + 0*r = -5*r + 3930. What is the hundreds digit of q?
3
Suppose -5*l + 0*l - l = -2358. What is the tens digit of l?
9
Suppose 492714 = 16*w + 100234. What is the tens digit of w?
3
Let q be 371/(4 + (-1)/(-2) + -4). Suppose -7*i + q = -2800. What is the tens digit of i?
0
Let u be (-3 + (-28)/(-8))/(2/(-60)). Let z = -4 - u. Let t(x) = -2*x + 32. What is the tens digit of t(z)?
1
What is the tens digit of (-671841)/(-135) - 6/(-15)?
7
Let n be (-4775)/(-3) + -3 - (-5)/15. Suppose -112*w + 113*w - n = 0. What is the tens digit of w?
8
Let w(o) = o**3 - 7*o + 3336. What is the tens digit of w(0)?
3
Let v(c) = 6905*c**2 - 6*c. What is the tens digit of v(-1)?
1
Let w be -40*1/(5/(-42)). Suppose -z - q + 7 = 0, 0 = -2*z - 3*q + 6*q - 1. Suppose z*b + k - 326 = -k, 4*b = -4*k + w. What is the tens digit of b?
7
Let p(b) = -b**2 + 9*b. Let s = 85 + -77. Let t be p(s). Suppose -14*g = -t*g - 906. What is the hundreds digit of g?
1
What is the units digit of ((-152743)/458)/((2/(-4))/1)?
7
Let n = 24207 - -7496. What is the tens digit of n?
0
Suppose 10*o + 5432 = 7*o + 4*a, -5*a + 10 = 0. Let i = o - -3233. What is the units digit of i?
5
Suppose 98*t - 1073 = 97*t. Let u = t + -705. What is the tens digit of u?
6
Let i = -20977 - -30050. What is the units digit of i?
3
Let n(b) be the third derivative of 0*b - 29/30*b**6 - 6*b**2 - 1/3*b**3 + 1/30*b**5 - 1/24*b**4 + 0. What is the units digit of n(-1)?
7
Let k(q) = -q**2 + 7*q + 7. Let a(c) = -8 - 7 - 2*c - 4 + 8. Let h be a(-9). What is the units digit of k(h)?
7
Let x(b) = -67*b**2 - 8*b - 4. Let q be x(-3). Let p = -126 - q. What is the hundreds digit of p?
4
Let z(l) = -3*l - 1. Let n = -5 + 5. Suppose 2*c + 51 - 1 = -5*s, -5*c = n. What is the tens digit of z(s)?
2
Suppose -115*g + 113*g = -36. Suppose 0 = -3*x - 3*c + g, -3*x = -3*c - c - 46. What is the units digit of x?
0
Suppose 3*z + 1912 = 7*t - 3*t, -5*z - 461 = -t. Let o = t - 250. Let q = o - -48. What is the hundreds digit of q?
2
Let s be 24/(-60) + (-62)/(-5). What is the tens digit of (32/s - 2)*(-3624)/(-4)?
0
Let q = 168 + -62. Let x = q + 5. Let a = 173 - x. What is the tens digit of a?
6
Suppose -2*l + 8 = b, 4*l - 20 = 5*b - l. Suppose b = 2*y + v - 701, 0 = 2*v + 2*v + 20. What is the tens digit of y?
5
Let v(w) = 10*w + 20. Let l be v(-2). Suppose -3*c + l*c + 48 = h, -2*c - 3*h = -32. What is the units digit of c?
6
Suppose -58335 = -18*c + 36651. What is the hundreds digit of c?
2
Suppose 883539 + 7193139 = 186*g. What is the units digit of g?
3
Suppose d + d - 16765 = -5309. What is the thousands digit of d?
5
Let f = 102 - 114. What is the hundreds digit of (-9)/f + -4 + 3918/24?
1
Suppose -2007945 - 51661 + 198626 = -44*b. What is the thousands digit of b?
2
Suppose -147*r = -1901661 - 1094787. What is the ten thousands digit of r?
2
Suppose 5*t - 59813 = -0*t - 8*t. What is the thousands digit of t?
4
Suppose -12 = 8*k - 52. Suppose k*d - 5031 = n + 1211, n = -4*d + 4990. What is the thousands digit of d?
1
Let x = -7 - -5. Let o be (x*(-4)/(-10))/(32/(-80)). Suppose 0 = p - o, 157 = 3*j + 4*p - 181. What is the tens digit of j?
1
Let h = -29582 + 45348. What is the units digit of h?
6
Let u = 72 - 47. Suppose 12*s = -22*s + 29*s + 450. Suppose -5*z + u = -s. What is the units digit of z?
3
Let g = 54726 - 36673. What is the tens digit of g?
5
Let f(a) = -a. Let v(j) = -j**2 - 13*j + 15. Let h(g) = 5*f(g) + v(g). Let x be h(12). Let s = -206 - x. What is the tens digit of s?
3
Suppose 5*k + a = 122009, 1634 - 26013 = -k - 4*a. What is the tens digit of k?
0
Let u be ((-5)/(15/4))/(10/(-15)). Suppose 0 = 6*a - 7*a + 58. Suppose u*r + 36 = a. What is the tens digit of r?
1
Let o(r) = -r**3 + 12*r**2 + 14*r + 15. Let l be o(13). Suppose -4*c + 12 = -l. What is the tens digit of 648/c - 5/(-25)?
6
Suppose -2*r - 5*y = 25, 2*r = 5*r + y + 5. Suppose -19*x + 5*x + 126 = r. What is the units digit of x?
9
Let r be (-14)/4*16/(-7). Let n = 14 + -12. What is the units digit of n/(r/172) + 5?
8
Suppose -5*p - 2*c + 96108 = 0, 5*p - 11*c + 16103 = 112289. What is the units digit of p?
4
Let v be (10 - (3/(-6) - 2))*6. Let u be 52/6 - (-4)/(-6). Suppose -3*n + u*n = v. What is the units digit of n?
5
Let l(z) = z**2 - 81*z + 2. Let d(a) = a**3 - 23*a**2 - 9. Let v be d(23). What is the hundreds digit of l(v)?
8
Let z be 1 + 4 - (3 - 30/3). Suppose -6*o + z + 492 = 0. What is the tens digit of o?
8
Let m = 37 - 86. Let v = 160 - -3. Let b = v + m. What is the tens digit of b?
1
Let i(f) = 27*f**3 + 22*f**2 + 55*f - 76. What is the tens digit of i(12)?
0
Suppose 145*a - 162*a = -221272. What is the hundreds digit of a?
0
Let g(h) = -5*h - 38. Let f be (3/6)/(1/(-16)). What is the units digit of g(f)?
2
Let f be ((-16)/40)/((-2)/70). Let o(u) = u**2 - 12*u - 27. Let n be o(f). What is the tens digit of 2868/44 - (n - (-18)/(-22))?
6
Let w = -100 + 105. Suppose -6*h + w*r + 436 = -3*h, 0 = 5*h - 5*r - 720. What is the hundreds digit of h?
1
Suppose 5*j - 8*j - 561 = 0. Let t be (-530)/(-11) - (-34)/j. Let o = t + 99. What is the units digit of o?
7
Let a = -16049 + 29555. What is the ten thousands digit of a?
1
Suppose -134*b + 12870156 = 87*b. What is the ten thousands digit of b?
5
Let q(o) = -o + 3. Let z be q(7). Let m be (50/z)/5*-58. Suppose i + 4*i - m = 0. What is the units digit of i?
9
Let v(u) = 1571*u**2 - 31*u - 9. What is the thousands digit of v(2)?
6
Let v = -82393 - -137959. What is the thousands digit of v?
5
Suppose 0 = -123*q + 135*q - 8568. What is the tens digit of q?
1
Suppose -s = 3*n - 2*s + 1666, 0 = -n - 5*s - 534. Let c = -355 - n. What is the tens digit of c?
9
Suppose 3*b + 790 = 13*b. Let g = -77 + b. What is the hundreds digit of g/2